rue
Let d be 0 - (-1 - -2) - -1. Suppose 0 = 5*x + w - 262, -5*x - 2*w = -259 - d. Is x a composite number?
False
Let f be 4 + 7/((-7)/(-5750)). Is f/28*(-10)/(-3) composite?
True
Let v = 220 - 141. Is v a composite number?
False
Let m be ((-1)/2)/((-1)/10). Suppose 5*t - 25 = -3*u, -t = -m*u + 118 - 39. Is u prime?
False
Suppose -x - 3065 = -6*x. Is x prime?
True
Let j be 2 + -4*(-9)/12. Let g = 12 - j. Let p(z) = 68*z - 7. Is p(g) a prime number?
False
Is 5213/7 + (-5 - 185/(-35)) composite?
True
Let t(p) = -23*p**3 - 3*p - 3. Is t(-2) a prime number?
False
Let s = 744 + -329. Is s composite?
True
Is (-4)/(-1) - -49 - (-2 + 2) a prime number?
True
Is (-2)/8 + (-53)/(-4) a composite number?
False
Let j be (2/6)/(5/60). Suppose -4*b = -3*b - j. Suppose -51 = b*h - 183. Is h a composite number?
True
Suppose 39 = 3*n - 0*n. Is n a prime number?
True
Let s(n) = n**2 + 1. Let d(v) = 5*v**2 + 22*v - 2. Let m(g) = d(g) - 6*s(g). Is m(11) a prime number?
True
Let i(w) = w**2 - 2*w + 30. Is i(-14) a prime number?
False
Suppose -3*t + 1755 = -2*n + 5*n, -3*t - 4*n = -1753. Is t a composite number?
False
Suppose 12 = 3*z, z - 21 = -l + 2*z. Let b be 0*(-2)/(-4*1). Suppose -5*t - l = b, 0 = 5*o - 5*t - 185 - 105. Is o prime?
True
Let o(k) be the second derivative of -3*k**5/10 - k**4/12 + k**2/2 - 2*k. Is o(-1) a composite number?
True
Suppose 35180 = 2*s - 1644. Is s/60 - (-2)/15 prime?
True
Suppose -5*n - r = 4*r - 675, 0 = 3*n + 5*r - 397. Is n prime?
True
Suppose -5 = 5*b - 5*z, 5*b - 3 = 3*z + 2. Suppose g - o + b = 3*g, 4 = 2*g + 2*o. Is (2 + 2)/(g/11) composite?
True
Let y = 14 - 7. Suppose q = y - 2. Let x = 8 - q. Is x prime?
True
Suppose 4*h - 5 - 7 = 0. Suppose -6*t + h*t = -2079. Is t/6*4/6 a prime number?
False
Let c = -78 + 144. Let b = 29 - 76. Let w = b + c. Is w a prime number?
True
Suppose -2*v = -99 - 29. Let c be (1/(-2))/((-4)/v). Is ((-1)/2)/(c/(-928)) prime?
False
Let h(q) = 30*q**2 + q. Is h(1) composite?
False
Is ((2/(-2))/(-1))/((-7)/(-5033)) a composite number?
False
Let n(u) = 1 - u**3 + u**2 - 4*u**3 + 2*u + 4*u**3 - 3*u**2. Let m be n(-2). Let b(o) = o**3 + 5*o**2 - 3*o + 4. Is b(m) composite?
False
Is ((-838)/(-3))/(42/189) a composite number?
True
Let p(l) = -7*l**3 - 4*l**2 - 7*l + 2. Let q be p(-5). Suppose -n + 5*n = q. Is n a prime number?
False
Let b(r) = r**3 + 11*r**2 + 7*r - 6. Let a be b(-9). Suppose -3*q + a = -s, 0*s = -3*q - 5*s + 93. Is q a composite number?
False
Suppose 3*k + c = -c + 2237, 2*k + 2*c = 1494. Is k a composite number?
False
Let b(f) = -f**3 + 7*f**2 - 3*f - 7. Let i = 4 + -5. Let l be 4/(-10)*15/i. Is b(l) prime?
True
Let l be (-3 + 2)*(-7 + 1). Suppose -5 = -f + l. Is f composite?
False
Let i = 83 + -286. Let f = i - -352. Is f a composite number?
False
Let s(k) be the third derivative of -k**4/24 - k**3 + 2*k**2. Let i be s(-8). Suppose -3 = 5*o + i, t = -3*o + 116. Is t a prime number?
False
Let w(l) = 118*l**2 + 2*l - 1. Suppose 0 = -2*x + 2. Is w(x) prime?
False
Let o be (9/(-1))/((-9)/6). Suppose -k = -o*k. Suppose k = 4*u - u - 9. Is u prime?
True
Let q(j) = -2*j + 2. Let i be q(-4). Let w = 87 - i. Is w a prime number?
False
Suppose -4*h + 0 = -16. Let i be 44/h*(2 + 0). Let j = 43 - i. Is j a composite number?
True
Suppose -3*h = -136 - 95. Let j be 4*(-3)/(-6) - -2. Suppose j*q - 27 = h. Is q prime?
False
Let d(t) = -t**3 + 7*t**2 - 4*t - 8. Let f = 5 + -4. Let g = f - -5. Is d(g) a prime number?
False
Let o(b) = -b + 6. Let u be o(4). Let q(p) = 41*p**2 + 2*p + 1. Is q(u) a composite number?
True
Let h(v) = 1 + 0*v + 60*v**3 + 7*v**3 - v. Is h(1) a prime number?
True
Let u(w) = 23*w + 2. Let o be u(3). Let r = o + 68. Is r a composite number?
False
Suppose 3*r - 332 = -2*q - 0*r, 5*r - 840 = -5*q. Suppose q = 4*x - 0*x. Is x a prime number?
True
Suppose 11 = 2*k + p + 2, 24 = 4*k + 4*p. Suppose k*g = -0*g + 177. Is g prime?
True
Let y(l) be the second derivative of l**3/6 - l**2/2 - l. Let v be y(5). Is (-1 + 3)/(v/238) prime?
False
Suppose -7 - 17 = 4*g. Is ((-2)/g)/(2/1986) composite?
False
Let i(l) = -l**3 + 11*l**2 - 9*l - 6. Is i(7) a composite number?
False
Let a(c) = c. Let t(w) = 7*w - 7. Let v(x) = 6*a(x) - t(x). Suppose -b + 36 = 5*p + 3*b, 0 = 4*p + 2*b - 24. Is v(p) a composite number?
False
Let s = 408 - 281. Is s a composite number?
False
Let c(k) = 21*k**2 - 3*k - 1. Let r = -8 - -6. Is c(r) prime?
True
Let d(o) = -o**2 + 10*o - 9. Let u be d(8). Suppose u + 5 = 4*q. Suppose -4*j - 2*i + 266 = 0, 2*i + 7 = -q. Is j a composite number?
True
Suppose -2*t - w = -4*w + 2, 4*w = 2*t + 4. Let p(j) = -2*j. Let l be p(-2). Suppose t*n - l*n + 138 = 0. Is n a composite number?
True
Let r be ((-284)/(-8))/(-1)*-6. Suppose -23*h = -20*h - r. Is h a prime number?
True
Let x = -4 + 0. Let c be 0/x*2/(-4). Suppose c*f + 84 = 4*f. Is f composite?
True
Let l = 43 + -24. Suppose -15 = 5*f + 4*q, 3*f - f - q - 7 = 0. Is (f - (0 + 1)) + l composite?
False
Suppose 0 = -5*h - 0*h + 2915. Is h a composite number?
True
Let k = -2204 + 4257. Is k composite?
False
Is 8455/15 + 2/(-3) a prime number?
True
Let f(t) = t**2 + 5*t + 5. Let k be f(-4). Let v be 1*(12/3)/k. Suppose -v*s - 2*i = -480, 5*s - 564 - 33 = -i. Is s composite?
True
Suppose 3*i + 4*s + 21 = 0, 2*i = -0*i + s - 14. Let w(m) = 3*m**2 - 3*m - 7. Is w(i) composite?
True
Let x(n) = n**2 + 5*n + 11. Suppose -t - 4 = -21. Suppose 2*y = 3*a - 4, -23 = 3*y + 4*a + t. Is x(y) a prime number?
False
Let w(z) = -z**3 - 7*z**2 - z - 5. Let c be w(-7). Let g be c/(-5) - 6/10. Is (1/2)/(g/(-154)) composite?
True
Let f be 8/(-6)*9/(-6). Let s be (-1)/(-5)*f*195. Suppose l = -4*k - l + 104, -l = -3*k + s. Is k composite?
True
Let l = 122 - 190. Let a = l + 99. Is a prime?
True
Let s(p) = -11 - 9*p**2 - 4*p**2 + p + 16*p**2. Is s(-9) a composite number?
False
Suppose 4*j = 3421 + 11455. Is j prime?
True
Let k be (-1 - -3)/((-4)/(-6)). Suppose 3 + 3 = k*v. Suppose v*q + 3*i = 65, -4*q + 3*i - 66 = -223. Is q prime?
True
Let k(p) = p**2 + p - 2. Let a be k(-3). Suppose 4*q - 6 = 6, -a*u + 5*q = -133. Is u a composite number?
False
Let x = 8 - 8. Suppose x*m = -3*m + 18. Is m a composite number?
True
Let n = -292 + -18. Let i = n + 586. Suppose 3*c + c = i. Is c a composite number?
True
Let b = -3 + 4. Is (b + 0)*(-1 + 7) prime?
False
Let a(c) = -4*c + 9. Let q(l) = l + 1. Let d(m) = a(m) + 5*q(m). Is d(-11) a prime number?
True
Let h = 75 + -53. Let g = -16 + h. Is g a prime number?
False
Let h(g) = -g**2 - 28*g**3 - 11*g**3 - 44*g**3 + 2 - 1. Is h(-1) prime?
True
Suppose -3*b + 0*b + 6 = 0. Suppose 12 = b*w - 8. Is w a composite number?
True
Suppose -5*j + 4*g + 38589 = 0, 3*g - 3968 = -j + 3765. Is j a prime number?
False
Suppose -13*u = -16*u + 819. Suppose -12*c = -15*c + u. Is c a prime number?
False
Suppose -2*r + 45 = -137. Is r prime?
False
Is 210 + (-6)/(-3) + 1 a composite number?
True
Let o(s) = -s**3 - s**2 - 4*s + 3. Let i(d) = d**3 - 4*d**2 - 2*d + 4. Let a be i(4). Is o(a) a composite number?
False
Is 11 - 11 - 298/(-2) a composite number?
False
Let s(n) = n**3 - 8*n**2 + n + 7. Let k be s(6). Let l = 174 + k. Is l a prime number?
False
Let q(o) = -o + 5. Let l be q(5). Suppose 2*b - 3 - 1 = l. Is (-79*2/b)/(-1) prime?
True
Suppose 19 + 2 = -3*w. Let a(n) = -4*n + 7. Is a(w) prime?
False
Is 5588/(3 - 7)*(0 + -1) a composite number?
True
Suppose 2*m - 196 = 102. Is m prime?
True
Suppose 2*c + 4 = 2*n - 250, -2*n = 4*c - 278. Is n prime?
True
Let d be 3/1 + (-2)/(-2). Suppose d*i + 14 = 5*w, w + w = 5*i + 9. Suppose w*j - 12 = 8. Is j composite?
True
Suppose 3*g + 127 = -5*r + 608, 477 = 3*g + 3*r. Is g composite?
False
Let b = 17 - 13. Suppose 88 = b*y - 60. Is y a prime number?
True
Suppose 4*v - 413 = -5*y, 5*y + 2*v - 6*v - 437 = 0. Is y a composite number?
True
Let t(z) = -z**2 + 2*z + 1. Let u be t(-1). Let l be 2/(-4) - u/4. Suppose -b + 2*b - 67 = l. Is b a prime number?
True
Let v = 260 - -102. Is v a composite number?
True
Let l = -1667 + 2532. Is l a composite number?
True
Suppose 20 = 2*j - 5*n, -j + n - 1 = -5. Suppose j*k = 4*k - 452. Is k a prime number?
True
Let y(q) = 2*q**2 + 11*q - 14. Is y(13) a prime number?
True
Let b(l) = -352*l + 2. Let i be b(1). Let o = -59 - i. Is o composite?
True
Let m be (-4)/14 -